ite number?
False
Is 316381 prime?
False
Is 64139 a composite number?
True
Is 22241155 a composite number?
True
Is 25141379 a composite number?
False
Is 156103799 prime?
True
Is 11968333 a composite number?
True
Is 658153 prime?
True
Is 1898315 a prime number?
False
Is 519091385 prime?
False
Is 117237031 a prime number?
True
Is 42664451 a composite number?
False
Is 125597471 composite?
False
Is 611657 composite?
False
Is 761521 a prime number?
True
Is 4222909 composite?
False
Is 3511913 prime?
True
Is 769009 prime?
False
Is 111489611 composite?
False
Is 913117589 a composite number?
False
Is 8202589 composite?
False
Is 4241399 composite?
False
Is 1573332827 a composite number?
True
Is 75579355 a composite number?
True
Is 104771327 prime?
True
Is 7209701 composite?
True
Is 42752249 a prime number?
True
Is 510230749 a prime number?
False
Is 577307 a prime number?
True
Is 37832113 a prime number?
False
Is 69920377 a prime number?
True
Is 3280909 composite?
True
Is 96198749 composite?
False
Is 805617913 composite?
True
Is 3629351 prime?
False
Is 148335686 a prime number?
False
Is 376081 composite?
False
Is 678157 composite?
False
Is 1018909691 a composite number?
True
Is 340889 a composite number?
False
Is 124919 prime?
True
Is 2816041 a prime number?
False
Is 8643449 a prime number?
False
Is 10905847 a prime number?
True
Is 281927743 prime?
True
Is 30478759 prime?
True
Is 4458071 a composite number?
False
Is 33842863 a prime number?
True
Is 1860479 a prime number?
True
Is 9475654 a prime number?
False
Is 27575287 a composite number?
True
Is 26745503 a composite number?
False
Is 4029097 composite?
False
Is 11053279 composite?
True
Is 22506331 prime?
False
Is 14068541 prime?
True
Is 4540969 a composite number?
False
Is 7090859 a prime number?
True
Is 25673803 a prime number?
False
Is 737705 a composite number?
True
Is 411341 a composite number?
True
Is 85145657 prime?
False
Is 21731 prime?
False
Is 6958509 a prime number?
False
Is 230203 a composite number?
False
Is 8894933 composite?
False
Is 14608001 a prime number?
False
Is 782701 prime?
False
Is 8199519 composite?
True
Is 5561041 composite?
False
Is 543973043 a prime number?
False
Is 301257633 prime?
False
Is 242087149 composite?
True
Is 13597867 prime?
False
Is 21457609 composite?
True
Is 5678783 a composite number?
True
Is 4770127 a composite number?
False
Is 178889 composite?
False
Is 17159929 composite?
False
Is 3434597 a prime number?
False
Is 4942937 prime?
False
Is 1849937 composite?
True
Is 69016393 a prime number?
True
Is 10654009 prime?
True
Is 7140349 a composite number?
True
Is 501637 prime?
True
Is 826677209 a prime number?
False
Is 5767889 a composite number?
True
Is 1713073 a prime number?
False
Is 251181449 composite?
False
Is 1382891 prime?
True
Is 131220607 a composite number?
True
Is 23943509 a composite number?
True
Is 444271 a composite number?
False
Is 200574263 prime?
True
Is 39795999 composite?
True
Is 164330831 a prime number?
False
Is 2558131 a prime number?
True
Is 439214663 composite?
True
Is 1035172757 a composite number?
False
Is 174761263 prime?
True
Is 62835191 prime?
True
Is 1091807 a prime number?
True
Is 21745109 prime?
True
Is 76873487 a prime number?
False
Is 1428107 a prime number?
False
Is 29567483 a prime number?
False
Is 240320221 prime?
True
Is 22734123 composite?
True
Is 2259391 a prime number?
True
Is 19640833 a prime number?
True
Is 67657843 prime?
False
Is 2836699 a composite number?
False
Is 1084621 composite?
False
Is 635597 a prime number?
False
Is 3397111 composite?
True
Is 3592679 a composite number?
False
Is 62183027 a composite number?
False
Is 31171619 a composite number?
False
Is 4535659 composite?
True
Is 21774497 a prime number?
False
Is 966709 a composite number?
True
Is 3126549 composite?
True
Is 4493261 a composite number?
False
Is 29331469 a composite number?
True
Is 2620711 a composite number?
True
Is 25237697 a prime number?
True
Is 615563 prime?
False
Is 10661197 composite?
True
Is 56818123 prime?
True
Is 51877157 a composite number?
False
Is 4391161 a composite number?
False
Is 19671031 prime?
True
Is 2297914 a composite number?
True
Is 60509231 prime?
False
Is 6411289 a composite number?
False
Is 61407739 composite?
False
Is 273697 a prime number?
True
Is 103707993 prime?
False
Is 15810073 a composite number?
False
Is 9327 composite?
True
Is 258154003 composite?
False
Is 1706893 a prime number?
False
Is 1544729 a prime number?
True
Is 2671629 a prime number?
False
Is 5653631 a composite number?
True
Is 2609723 a composite number?
True
Is 12520597 composite?
False
Is 40265293 a prime number?
False
Is 580832701 prime?
False
Is 52841057 prime?
True
Is 2407561693 a prime number?
True
Is 14268239 a prime number?
True
Is 26082769 a composite number?
True
Is 757620989 a composite number?
True
Is 16922071 a prime number?
False
Is 368818 a composite number?
True
Is 2659483 composite?
False
Is 242615017 composite?
True
Is 4244963 composite?
False
Is 4337471 composite?
False
Is 36628649 a composite number?
False
Is 326275381 a composite number?
True
Is 19129351 prime?
False
Is 15428333 prime?
False
Is 161462953 a composite number?
False
Is 11554481 a composite number?
False
Is 8935607 composite?
False
Is 20575859 a prime number?
True
Is 889535 prime?
False
Is 23855003 a prime number?
True
Is 450123 composite?
True
Is 4868459 composite?
True
Is 21257513 a composite number?
True
Is 673667 composite?
False
Is 65629507 composite?
False
Is 96553 prime?
True
Is 66306047 a prime number?
True
Is 203473009 a composite number?
False
Is 6843685 prime?
False
Is 155770205 prime?
False
Is 183105421 composite?
False
Is 2205449 a prime number?
True
Is 24479867 prime?
False
Is 898028465 a composite number?
True
Is 552548767 composite?
True
Is 6733379 a composite number?
False
Is 250977773 composite?
False
Is 18958237 a prime number?
True
Is 3308423 composite?
False
Is 122516903 prime?
True
Is 140464507 a prime number?
False
Is 53900501 a composite number?
True
Is 143028749 prime?
True
Is 432631 a prime number?
True
Is 494323 composite?
True
Is 30477383 prime?
True
Is 65460679 composite?
True
Is 56912147 composite?
False
Is 50241707 a composite number?
False
Is 811717 composite?
True
Is 44795929 composite?
False
Is 20709151 a prime number?
False
Is 11698189 a prime number?
True
Is 4240949 a composite number?
True
Is 10791841 a composite number?
False
Is 24839 a composite number?
True
Is 26664761 a composite number?
False
Is 626809 a composite number?
False
Is 741847 prime?
True
Is 2269117 prime?
False
Is 45945607 prime?
False
Is 104447969 prime?
True
Is 40921483 a prime number?
True
Is 13851527 composite?
False
Is 28831403 a composite number?
True
Is 109743043 composite?
False
Is 11067497 a composite number?
True
Is 178164113 composite?
False
Is 15017318 a composite number?
True
Is 148327 prime?
False
Is 19471037 a composite number?
True
Is 8453177 composite?
False
Is 61694954 composite?
True
Is 430495993 a prime number?
True
Is 291790699 prime?
True
Is 1179379 a composite number?
False
Is 4259839 prime?
False
Is 7097197 prime?
True
Is 398657 composite?
True
Is 31560553 composite?
True
Is 582686639 composite?
True
Is 31392929 prime?
True
Is 27260627 a prime number?
True
Is 654371 prime?
True
Is 1696727 a prime number?
False
Is 21128845 a prime number?
False
Is 35151923 a composite number?
True
Is 12128233 a prime number?
False
Is 237041 a prime number?
False
Is 6676291 composite?
True
Is 17303465 a composite number?
True
Is 42509171 a composite number?
False
Is 20719943 composite?
True
Is 250027861 prime?
False
Is 6828067 composite?
True
Is 6871087 a composite number?
False
Is 14355743 a prime number?
True
Is 1964913353 a composite number?
True
Is 4700377 composite?
True
Is 19959647 prime?
False
Is 212133667 prime?
False
Is 3073153 composite?
False
Is 14386597 composite?
True
Is 1143529 composite?
False
Is 508063 composite?
True
Is 300872263 prime?
False
Is 138041 composite?
False
Is 360092786 a composite number?
True
Is 277836743 composite?
False
Is 391007249 composite?
False
Is 151696631 a composite number?
True
Is 2293631 composite?
False
Is 623316326 a prime number?
False
Is 46728673 composite?
False
Is 7784159 composite?
False
Is 4023143 a prime nu